6 + 4*n + 1. Let b(w) be the first derivative of t(w). Calculate b(2).
-2
Suppose -l + 0*l = 5*v + 4, 4*v = 4*l + 16. Let d(q) = -q**2 - 2*q - 5. Determine d(v).
-5
Let g(m) be the first derivative of -m**4/4 + m**3 - m**2 + 2*m - 36. Determine g(3).
-4
Suppose 0 = -6*s + 3*s + 9. Let z(m) = 3*m - 6. Determine z(s).
3
Let q be (48/(-18) + 0)/(10/15). Let x(y) = -y**2 - 4*y - 2. Give x(q).
-2
Let c be ((-121)/44)/(2/(-8)). Suppose 4*s = t - c, 0*s - 7 = -3*t - s. Let r(u) = 12*u**2 + 0 - 9*u**2 - u**t + 8*u + 1 - 8*u**2. Calculate r(-6).
-11
Let a(j) be the second derivative of 0*j**2 + 0 + 1/120*j**6 - 2/3*j**3 - 1/60*j**5 - 4*j + 0*j**4. Let p(d) be the second derivative of a(d). Determine p(2).
8
Let s(h) = h**2 - 6*h - 6. Let w be s(6). Suppose -o + 45 = 4*o. Let g(c) = 5 - o*c**2 - 4*c - c**3 + 2*c**2 - c. Calculate g(w).
-1
Suppose 0 = -5*z + 19 + 51. Let s(a) = 2*a - a**2 - 5 + 11 + 4 - z*a. Let d be s(-13). Let t(u) = -u**2 + 2*u + 2. What is t(d)?
-13
Let d(n) = -3*n**2 + 5*n - 2. Let q(c) be the second derivative of c**4/6 - c**3/2 + c**2/2 + 3*c. Let b(h) = 3*d(h) + 5*q(h). Let t = -1 - 1. What is b(t)?
3
Suppose 81 = 5*z - 144. Let w(f) = 65*f. Let i(a) = 3*a. Let x(o) = z*i(o) - 2*w(o). Let j(g) = g**2 + 6*g + 2. Let k be j(-6). Calculate x(k).
10
Let v(c) be the third derivative of c**4/12 - 5*c**3/3 + 5*c**2 - 4. What is v(7)?
4
Let r(o) be the second derivative of o**6/720 + o**5/30 - 2*o**4 - 26*o. Let a(y) be the third derivative of r(y). What is a(5)?
9
Let m(b) = 4 - 3 + b + 3. Suppose -n + 3*z = -4, -7*n + 2*n - z = -20. Suppose -n*r = -p + 9, 2*r - 5*r - 18 = 3*p. Calculate m(r).
1
Suppose 0 = -s + 107 - 113. Let u(p) = p**2 + 7*p + 8. Give u(s).
2
Let q(d) be the second derivative of -d**4/24 - d**3/3 + 35*d**2/2 - 32*d. Let g(b) be the first derivative of q(b). Determine g(-2).
0
Let g(i) = -i**2 - 7*i - 9. Suppose 327 - 32 = 5*c + 4*q, 0 = -2*c + 3*q + 141. Let k = -33 + c. Suppose -7*y = -12*y - k. Calculate g(y).
-3
Let t(k) be the second derivative of 0 - 1/12*k**4 - 5/6*k**3 - k + k**2. Let p = 4814 - 4818. Calculate t(p).
6
Suppose 3*v - 5*z - 17 - 12 = 0, -4*v + 6*z + 36 = 0. Let y(x) = -x**3 + 4*x**2 - 6*x + 4. Give y(v).
-5
Let b(k) = -7*k**2 - 5*k - 1. Let y(z) = 20*z**2 + 15*z + 2. Let s(i) = 17*b(i) + 6*y(i). What is s(4)?
31
Let u(y) be the first derivative of y**3/3 - y**2 - 5*y - 210. What is u(6)?
19
Let l(v) be the second derivative of -v**3/6 - 5*v**2/2 - v. Let n = -1875 + 1872. What is l(n)?
-2
Suppose -11*r = -2*r - 36. Let z(q) be the third derivative of -1/6*q**3 + 5*q**2 + 0 - 1/12*q**5 + 0*q - 7/24*q**r + 1/120*q**6. Calculate z(6).
-7
Let c(b) = 2 + 8*b - 8 + 9*b - 111*b**2 + 110*b**2. What is c(16)?
10
Let i(g) = -5*g + 1. Let n(q) = -7*q. Let a(v) = -3*i(v) + 2*n(v). Calculate a(-4).
-7
Let q(l) = l**3 + 10*l**2 - 7. Suppose 5*a + 4*x - 5*x - 11 = 0, x - 3 = -2*a. Suppose 34 = -2*g - 5*w + 4, 3*g + 34 = -a*w. Give q(g).
-7
Let v(k) = -26*k**3 + k**2 + 2*k + 1. Let u = 87 - 88. Calculate v(u).
26
Let k = 65 - 114. Let o = k - -56. Let a(l) = l**2 - 8*l + 8. Calculate a(o).
1
Let d(k) = -k**3 - k**2 + 4*k + 4. Let j(b) = -b**3 + b**2 + 4*b + 3. Let t(a) = 3*d(a) - 2*j(a). Calculate t(-5).
-14
Let n(o) = -1 + 0 + 0 - 2*o**3 + 4*o - 4*o**2 + 10*o**2 + 3*o**3. Determine n(-6).
-25
Let g(z) = -28*z**3 - 32*z**3 - 31*z**3 + 89*z**3. Calculate g(2).
-16
Suppose 3*s = 5*g + 8 - 3, -s + 5 = 0. Let y(u) = -37*u + 10 + 39*u - g - 2. Let l = -22 + 18. Give y(l).
-2
Let s(h) be the third derivative of h**5/30 + 5*h**4/24 - 2*h**3/3 - 4*h**2 + 78*h. What is s(1)?
3
Let u(b) be the second derivative of -b**5/60 + b**4/12 + b**3/2 - 2*b**2 + 2*b. Let q(s) be the first derivative of u(s). Let w be 1/2*(4 - 8). Determine q(w).
-5
Let b = -261 + 265. Let l(m) = m**3 - 4*m**2 - 4*m - 1. What is l(b)?
-17
Let u = -8 - -14. Let f(o) = -1 - 4*o**2 - u + 2*o**2 + 3*o**2 - 6*o. Let x(b) = 2*b**2 - 13*b - 14. Let m(r) = -7*f(r) + 3*x(r). What is m(5)?
-3
Let a = -1 + 3. Let n(l) = 0 + 3 - 5 + a*l. Suppose -5*t - 4 = 3*p, -p + 3*t = t - 6. Give n(p).
2
Let t(a) = a**3 + a**2 - 1. Let x(g) = -7*g**3 - 3*g - 6. Let j(n) = -6*t(n) - x(n). Give j(5).
2
Suppose 2*k - 43 = 5*l, 8*k - 41 = 4*k + l. Suppose g + k = 4*g. Let w(v) = 0*v**2 - g*v**2 + 4*v**2 - 3*v + 7*v. Calculate w(-3).
-3
Let d(r) = -57*r**3 - 3*r + 2. Let v(p) = 3*p**2 + 25*p - 17. Let w be v(-9). Calculate d(w).
-58
Let c = 27 + -25. Suppose 3*p + 3*f = c*f - 7, 4*p + f = -10. Let t(y) = 3*y**3 + 4*y**2 + 3*y. Let m(z) = z**3 - 1. Let n(s) = -2*m(s) + t(s). What is n(p)?
2
Let v = -690 + 692. Let x(c) = -12*c + 1. What is x(v)?
-23
Let o(k) = -4 - 1399*k**2 + 3 + 2*k + 1396*k**2 - 2 + 5. What is o(-1)?
-3
Let c(f) = -4*f**2 - 6 + f**2 + 4*f**2 + 7 + 2*f. Calculate c(-2).
1
Let j(y) = -y**2 + y + 7. Let m be (4/6)/((-7)/63). Let k = 6 + m. Let l be (2 + -2)/(k - -1). What is j(l)?
7
Suppose -10*z = -133 + 23. Let c(v) = v**3 - 11*v**2 + 2*v + 14. Give c(z).
36
Let p = 99 + -101. Let t(d) = 7*d - 3. Let j(s) = 16*s - 5. Let l(k) = p*j(k) + 5*t(k). Calculate l(5).
10
Let w = -8 + 1. Suppose 2*f - 5*y = -3*f - 35, 15 = -f - 3*y. Let o = w - f. Let u(x) = -x**3 + 2*x - 3. Give u(o).
-7
Suppose -2*u + 11 = -g + 2*g, -3 = g. Let s(b) be the third derivative of 0*b - u*b**2 - 1/6*b**3 - 13/24*b**4 + 0. What is s(1)?
-14
Let f(x) = -x - 6. Let r(d) = 6*d + 26. Let s(n) = -5*f(n) - r(n). What is s(2)?
2
Let l(w) = -w**3 + w**2 + w + 1. Suppose -23*a + q = -24*a + 7, -a - 5*q = -23. Calculate l(a).
-14
Let p(t) = -6*t**2 + 9*t - 23*t + 7*t**2 - 5. What is p(13)?
-18
Let b = 13 - 11. Let f(l) = -l**b + 0*l**3 + 1 + 3*l**3 - 4*l**3 + 2*l**3. Let z be f(-1). Let w(i) = 9*i**2 + 2*i + 1. Calculate w(z).
8
Let v(d) be the first derivative of -d**4/4 - 7*d**3/3 - 7*d**2/2 + d + 2633. Suppose -18 = 5*z + 12. What is v(z)?
7
Let t be (-1)/((-2)/(120/4)). Let i = 20 - t. Let m(u) = -2*u**2 + u**2 + 0*u + i*u + u**3 - 7*u. Determine m(2).
0
Let a(j) = 1341*j - 665*j + 4 - 674*j. Suppose 0 = 4*f - 0*f + 28. What is a(f)?
-10
Suppose -5*q = -29 - 6. Let g(t) = 2*t**3 + 6*t**2 + 2*t - 9. Let f(j) = 5*j**3 + 12*j**2 + 4*j - 19. Let k(c) = q*g(c) - 3*f(c). Calculate k(6).
6
Suppose -5*a + b = -56 - 45, 2*a = 4*b + 44. Let x(m) = -m + 10. What is x(a)?
-10
Suppose 9 = 21*z + 30. Let s(h) be the second derivative of -h**4/12 - h**3/6 + 4*h. What is s(z)?
0
Let m(x) be the second derivative of -1/6*x**3 + 7/2*x**2 + 0 - 2*x. Let b be (-7 + 37/5)*(6 - -4). Calculate m(b).
3
Let x(g) be the second derivative of 0 - 3*g - 5/6*g**3 - 1/12*g**4 + 2*g**2. Determine x(-5).
4
Let v(s) be the third derivative of 8*s**2 + 0*s + 0 + 1/12*s**4 + 2/3*s**3. Give v(3).
10
Let t(y) = -8*y**3 - 3*y**2 - 2*y - 5. Let u(m) = -4*m**3 - m**2 - m - 2. Let s(j) = -2*t(j) + 5*u(j). Let i = 12 + -11. Determine s(i).
-4
Let o = 37 - 24. Let t(d) = 15*d**2 - 7*d + 5 + o*d**2 - 29*d**2. What is t(-8)?
-3
Suppose -3*l - l = 88. Let r = 24 + l. Let d(m) = 3*m**2 - 8*m**r + 4*m**2. Calculate d(0).
0
Suppose -5*k + 37 = c + 15, 8 = 2*k. Let p(s) = -3 + 148*s**3 - 83*s**3 - 4*s**2 + 4 + 2*s - 62*s**3. What is p(c)?
13
Let v(g) = 9*g + 1. Let h(m) = 5*m. Let y(a) = -7*h(a) + 4*v(a). Suppose 28 = -2*f - 4*u, -u - 52 + 89 = -5*f. Determine y(f).
-4
Let w(x) = 50*x + 2600. Let m be w(-52). Let h(c) be the third derivative of c**5/60 - 7*c**3/3 + 2*c**2. Determine h(m).
-14
Let s = -15 + 22. Let g(b) be the first derivative of -2*b + 4*b**2 - 1/3*b**3 - 50. What is g(s)?
5
Let y(z) = -2*z**2 + 1. Let p(r) = -12*r**2 - 3*r + 6. Let j(h) = -p(h) + 4*y(h). Calculate j(1).
5
Suppose 5*a = 2*c - 3, 4*a + 2*c = -a - 7. Let j(b) = -6*b. Determine j(a).
6
Suppose 4 = 2*h + 3*b + 3, -15 = -3*b. Let d = -3 - h. Let n(w) = 5*w - 4 - d*w + 3. Determine n(-3).
-4
Let i(f) = 9 + 3*f**3 + 4*f**3 + 9 + f**2 - f - 6*f**3. Determine i(0).
18
Suppose 2*f - 18 + 22 = 0. Let u(m) = -m**3 - 2*m**2 + 2*m + 3. Calculate u(f).
-1
Let y(t) be the first derivative of -t**3/3 + 5*t**2/2 + 14*t - 24. Calculate y(6).
8
Let j(z) = -z - 3. Suppose s + 0*s + 10 = -5*f, -2*s - 5*f - 15 = 0. Give j(s).
2
Let x(k) = 2*k - 14. Let c be x(9). Let l(i) be the second derivative of -2/3*i**3 - 2*i - 5/2*i**2 + 1/12*i**4 + 0. Calculate l(c).
-5
Let z(l) = l**3 + 